greatest common divisor of g and n?
9
Let w(d) = d**3 - 5*d**2 - 9*d + 13. Let h be w(6). Let o = 2 - h. Calculate the highest common divisor of o and 49.
7
Let k be (-429)/(-26)*2/3. What is the highest common divisor of k and 44?
11
Suppose -2*b + 36 = -0*b + 4*h, 2*b = -2*h + 34. Calculate the greatest common factor of b and 8.
8
Suppose -3*p = -0*p - 15. Let m be 6/p*(-15)/(-6). Suppose -m*s + s + 6 = 0. Calculate the greatest common factor of 21 and s.
3
Let w = 118 - 37. What is the greatest common divisor of 9 and w?
9
Let s = -3 - -5. Suppose s*k + 5 = 3*k. Suppose 3*d - 4*d = -30. What is the greatest common factor of k and d?
5
Let g(s) = -6*s**2 + 5*s + 4. Let t be g(-3). Let d = t - -110. Calculate the greatest common divisor of d and 18.
9
Let s = 29 + -19. Let g be (-5)/s - 398/(-4). Let n = -51 + g. What is the highest common factor of n and 32?
16
Let u(i) = i + 5. Let c be u(0). Suppose 6 = c*n - 4. Suppose -78 = -p - n*p. Calculate the greatest common factor of p and 13.
13
Let i(q) = 6*q**3 - q**2 + 3*q - 2. Let w be i(2). Suppose -25 = -5*p, 3*p + 1 + 8 = 2*s. What is the greatest common divisor of w and s?
12
Let k be (-102)/(-7) + (-34)/(-14) + -2. What is the greatest common factor of 120 and k?
15
Suppose 0*l - 56 = -3*q - 2*l, q = -3*l + 21. Calculate the highest common factor of 6 and q.
6
Let h be (-2)/4*6/(-3). Let v be h + -1 + -1 - -31. Let u(d) = 4*d**2 - 6*d + 5. Let b be u(4). Calculate the highest common factor of v and b.
15
Let q = 158 + -73. Let u be (-1)/(-4) - 67/(-4). What is the highest common factor of q and u?
17
Let v be (-3)/4 - ((-262)/8 - -2). Let j = 0 - -6. What is the highest common divisor of j and v?
6
Suppose f - 2*f = -12. Calculate the greatest common factor of f and 96.
12
Let d = -5 + 5. Suppose -2*s + d*s + 96 = 0. What is the greatest common divisor of s and 32?
16
Suppose 0 = -2*w - 2*k + 58, 2*k - 91 = -3*w - 2*k. Calculate the highest common factor of 5 and w.
5
Suppose -n - 4 = -1, 0 = 5*a - 3*n - 39. What is the highest common divisor of a and 78?
6
Let w be 1 + (-9)/3 + 5. Let i be (w - 5)*(-8 + 1). What is the highest common factor of 98 and i?
14
Let j = 0 - -2. Suppose 5 = -v + 4*c, 0 = v - 0*v - j*c - 5. Calculate the highest common factor of v and 5.
5
Suppose 0*a + 2*a - 8 = 0. Suppose 4*u - 5*j = -49 + 8, 0 = -u - a*j - 26. Let c = u + 21. Calculate the greatest common divisor of 56 and c.
7
Let b be (1 + 118)*(0 + 1). Let m(q) = q**2 - 4*q - 5. Let j be m(5). Suppose -5*o + j*o = -85. Calculate the highest common factor of b and o.
17
Suppose -2*f = -2 - 6. Calculate the greatest common divisor of 20 and f.
4
Let t(p) = p**2 + p + 45. Let n be t(0). What is the highest common factor of 9 and n?
9
Let z(i) = i**2 + 9*i + 10. Let m be z(-8). Let x = m - 6. Let k(b) = -b**3 + 4*b**2 + 5*b. Let d be k(x). What is the greatest common divisor of 12 and d?
12
Let h(o) = 7*o**2. Let p be h(-2). Calculate the highest common divisor of 14 and p.
14
Suppose -3*k + 144 = -54. Suppose 5*t + k - 336 = 0. Suppose 0 = -2*s - d + t, -6*d + d = 3*s - 81. Calculate the highest common divisor of 9 and s.
9
Suppose -3*x + x + 136 = 0. Suppose -b - 2*l = -17, b = 4*b - 5*l - 51. Calculate the greatest common factor of x and b.
17
Let r(f) = f**2 + 17*f + 19. Let y be r(-16). What is the greatest common divisor of y and 9?
3
Let z(l) = -11*l + 3. Let n(m) = 34*m - 9. Let v(j) = -2*n(j) - 7*z(j). Let u = 6 + -3. Let d be v(u). Calculate the highest common divisor of d and 3.
3
Let i(j) = 2*j**2 - j - 3. Let t be i(-3). Let f = 22 - t. What is the highest common factor of f and 10?
2
Suppose 2*c - 6 = -2. Suppose -c*v + 3*a = -84, 2*v - 5*a = 4*v - 52. Let b be (-184)/(-10) + (-8)/20. What is the greatest common divisor of b and v?
18
Let n be ((-10)/8)/(0 + (-4)/512). What is the greatest common factor of n and 20?
20
Suppose 30 = 5*w + w. Calculate the greatest common divisor of w and 35.
5
Let j = -8 + 14. Suppose -2 - j = -2*f. Suppose 6 = -2*n + 2, f*y - 426 = -3*n. Calculate the greatest common divisor of 12 and y.
12
Let r = -3 - -3. Suppose -5*a = 2*l - 7*l - 275, a + 3*l - 35 = r. Suppose y + 3*o + 2 = -0*o, -4*y + o + 44 = 0. What is the highest common divisor of a and y?
10
Suppose -u + 25 = 4*u. Suppose u*q - 18 = 2*c, -q = -c - 3 - 0. Let w = q + 14. Calculate the greatest common factor of 27 and w.
9
Let c be (20/14)/(1/7). What is the highest common factor of 25 and c?
5
Let w = 10 - 0. Suppose 0 = -2*p - 10 + 100. Let h be (-27)/p + 203/5. Calculate the greatest common divisor of w and h.
10
Suppose a + 4*o - 33 = 0, a = -o - 2*o + 28. Let m be 26 - (6 - 4) - -2. Calculate the highest common divisor of m and a.
13
Let s(q) = q**2 + 5*q + 18. Let v be s(-5). What is the greatest common factor of v and 27?
9
Suppose -5*p + 31 = f, -5*f - 3*p + 31 + 14 = 0. Let s = -5 - -5. Suppose -4*g - m + 3*m + 50 = s, m + 10 = g. What is the highest common divisor of g and f?
3
Suppose -16 + 0 = -4*a + g, -5*a + 35 = -5*g. Suppose a*r = 4*r. Suppose d - 61 = -2*u, 5*d - 81 = -2*u - r*u. What is the greatest common divisor of u and 42?
14
Let u(t) = -t**2 + 7*t + 16. Let z(l) = -4*l + 3. Let j be z(-1). Let q be u(j). What is the greatest common factor of 8 and q?
8
Let z be -2*(-3 + (-25)/10). Calculate the highest common factor of 44 and z.
11
Let k = -5 - -10. Let q = 25 + 10. What is the greatest common divisor of q and k?
5
Let b = 6 + 50. Let h = -9 - -17. Calculate the highest common factor of h and b.
8
Suppose 4*s - 37 = 15. Let g(l) = 15*l**3 - l**2 + l. Let w be g(2). Suppose -12 = -2*n + w. Calculate the greatest common factor of n and s.
13
Let g = 19 - 3. What is the highest common factor of g and 144?
16
Let p be 18*(1 - (-1)/(-2)). Let a = 13 - p. Calculate the greatest common factor of 28 and a.
4
Suppose -2*l - 3*c - 7 = -99, -c + 138 = 3*l. What is the highest common factor of l and 368?
46
Suppose 3*s - 68 = 610. Suppose s = p - 0*p. Let z = p + -118. What is the greatest common divisor of z and 12?
12
Let y be 2 + 4/(-8)*-4. Suppose 0 = -y*f + 2*z + 57 - 9, 0 = -f - z + 12. Let i be 6*18/(-3)*-1. What is the greatest common factor of f and i?
12
Suppose 2*w - 3*w + 7 = 0. Suppose 0 = 15*l - 178 - 767. Calculate the greatest common divisor of l and w.
7
Let m(q) = q - 12. Let l be m(12). Let x(s) = s**3 + s**2 + s + 3. Let o be x(l). What is the highest common factor of 33 and o?
3
Suppose -28 = -2*y - 2*k, 6*k - 7*k = 0. Calculate the highest common factor of y and 56.
14
Let y(x) = 3*x**3 + 2*x**2 + 3*x - 1. Let r be y(-3). Let n = -25 - r. Calculate the highest common factor of n and 12.
12
Let r(x) = -x**2 + 4*x - 1. Let h be r(4). Let y be 39/(-3)*(h + 0). What is the highest common divisor of 52 and y?
13
Suppose -9*v - 8 = -26. Let i = -12 + 34. What is the greatest common factor of v and i?
2
Let o(r) = r**3 - r**2 + 210. Let i be o(0). Let z = i + -100. Calculate the highest common factor of z and 10.
10
Suppose 3*o = -0*o + 3. What is the greatest common divisor of o and 11?
1
Let l = 20 - 8. What is the greatest common divisor of 3 and l?
3
Let x(c) = -3 - 2*c + 3*c - 7 + 2. Let b be x(8). Suppose -3*k = 9, 2*g + b*k = -k + 47. What is the highest common factor of g and 5?
5
Let h(u) = -5*u**2 + 3*u - 1. Let k be h(1). Let x(q) = -5 - 3*q + 0*q + 1. Let d be x(k). What is the highest common divisor of d and 20?
5
Suppose 3*h + 4 = -4*z + 56, -5*h + 70 = 5*z. Let v = -5 + 9. What is the highest common factor of v and z?
2
Let m(q) = -q**2 + 8*q + 33. Let s be m(10). What is the greatest common divisor of s and 143?
13
Let p(c) = -4*c**3 + c**3 + 10*c**2 + 2*c**3 + 7. Let w be p(10). Let u be 10*(w/(-5) + 3). Calculate the highest common factor of 32 and u.
16
Let t be (-44)/6*(-105)/14. What is the highest common factor of 22 and t?
11
Let f be 2*(-2 + (-2)/4). Suppose 7*w = 9*w + 16. Let n = f - w. Calculate the greatest common factor of 2 and n.
1
Suppose -2*j = -3*j + 4. Suppose 4*n - 5*g = 545, -g + 674 = j*n + n. Calculate the greatest common factor of 15 and n.
15
Let z be -2*(-12)/(-8) - -11. Calculate the greatest common divisor of 40 and z.
8
Let s be (24/7)/(3/168). Let t(x) = -x**3 + 5*x**2 + 3*x - 4. Let r be t(4). Calculate the greatest common facto